{"id":6634,"date":"2025-07-26T23:08:34","date_gmt":"2025-07-26T21:08:34","guid":{"rendered":"http:\/\/serwer363375.lh.pl\/autoinstalator\/serwer363375.lh.pl\/wordpress123131\/?page_id=6634"},"modified":"2026-03-15T01:45:48","modified_gmt":"2026-03-15T00:45:48","slug":"reklama-ze-styroduru","status":"publish","type":"page","link":"https:\/\/nextreklama.pl\/index.php\/reklama-ze-styroduru\/","title":{"rendered":"Reklama ze styroduru"},"content":{"rendered":"<div class=\"wpb-content-wrapper\"><p>[vc_row][vc_column][vc_column_text]Przestrze\u0144. Miejsce wok\u00f3\u0142 do nas do zagospodarowania. Ogromne pole do popisu dla budowniczych reklam. Wykorzystanie narz\u0119dzi przestrzennych w reklamie dodaje jej g\u0142\u0119bi. Dlatego stosujemy styrodur. Umiej\u0119tnie wycinany, o dowolnej grubo\u015bci, szpachlowany i malowany w dowolnej kolorystyce. Uwypukla dobre strony. Nadaje g\u0142\u0119bi prostym s\u0142owom. Gra przestrzeni\u0105 i dzia\u0142a na ludzk\u0105 wyobra\u017ani\u0119. Niewiele pracy, a wspania\u0142y efekt. Dobrze buduje wizerunek. Styrodur ch\u0119tnie poddaje si\u0119 kszta\u0142towaniu.[\/vc_column_text][vc_column_text]Tak, jak ludzkie spojrzenie na \u015bwiat.[\/vc_column_text][vc_column_text]<strong>Dlatego z przyjemno\u015bci\u0105 budujemy reklamy przestrzenne. To dzia\u0142a.<\/strong>[\/vc_column_text][vc_empty_space height=&#8221;35px&#8221;][\/vc_column][\/vc_row][vc_row][vc_column][vc_gallery type=&#8221;image_grid&#8221; images=&#8221;6664,6665,6663,6683,6643,6644,6658,6667,6692,6645,6656,6640,6641,6642,6646,6647,6648,6649,6650,6651,6654,6655,6657,6660,6661,6662,6666,6668,6669,6675,6676,6677,6678,6679,6681,6682,6684,6685,6686,6687,6688,6689,6690,6691,6693,6694,6695,6697,6698&#8243; img_size=&#8221;300&#215;300&#8243;][\/vc_column][\/vc_row]<\/p>\n<\/div>","protected":false},"excerpt":{"rendered":"<p>[vc_row][vc_column][vc_column_text]Przestrze\u0144. Miejsce wok\u00f3\u0142 do nas do zagospodarowania. Ogromne pole do popisu dla budowniczych reklam. Wykorzystanie narz\u0119dzi przestrzennych w reklamie dodaje jej g\u0142\u0119bi. Dlatego stosujemy styrodur. Umiej\u0119tnie wycinany, o dowolnej grubo\u015bci,&#8230;<\/p>\n","protected":false},"author":1,"featured_media":0,"parent":0,"menu_order":0,"comment_status":"closed","ping_status":"closed","template":"","meta":{"om_disable_all_campaigns":false,"_monsterinsights_skip_tracking":false,"_monsterinsights_sitenote_active":false,"_monsterinsights_sitenote_note":"","_monsterinsights_sitenote_category":0,"footnotes":""},"class_list":["post-6634","page","type-page","status-publish","hentry"],"aioseo_notices":[],"_links":{"self":[{"href":"https:\/\/nextreklama.pl\/index.php\/wp-json\/wp\/v2\/pages\/6634","targetHints":{"allow":["GET"]}}],"collection":[{"href":"https:\/\/nextreklama.pl\/index.php\/wp-json\/wp\/v2\/pages"}],"about":[{"href":"https:\/\/nextreklama.pl\/index.php\/wp-json\/wp\/v2\/types\/page"}],"author":[{"embeddable":true,"href":"https:\/\/nextreklama.pl\/index.php\/wp-json\/wp\/v2\/users\/1"}],"replies":[{"embeddable":true,"href":"https:\/\/nextreklama.pl\/index.php\/wp-json\/wp\/v2\/comments?post=6634"}],"version-history":[{"count":9,"href":"https:\/\/nextreklama.pl\/index.php\/wp-json\/wp\/v2\/pages\/6634\/revisions"}],"predecessor-version":[{"id":6701,"href":"https:\/\/nextreklama.pl\/index.php\/wp-json\/wp\/v2\/pages\/6634\/revisions\/6701"}],"wp:attachment":[{"href":"https:\/\/nextreklama.pl\/index.php\/wp-json\/wp\/v2\/media?parent=6634"}],"curies":[{"name":"wp","href":"https:\/\/api.w.org\/{rel}","templated":true}]}}