{"id":5639,"date":"2025-07-04T00:18:14","date_gmt":"2025-07-03T22:18:14","guid":{"rendered":"http:\/\/serwer363375.lh.pl\/autoinstalator\/serwer363375.lh.pl\/wordpress123131\/?page_id=5639"},"modified":"2026-03-15T01:52:47","modified_gmt":"2026-03-15T00:52:47","slug":"tablice-informacyjne","status":"publish","type":"page","link":"https:\/\/nextreklama.pl\/index.php\/tablice-informacyjne\/","title":{"rendered":"Tablice informacyjne"},"content":{"rendered":"<div class=\"wpb-content-wrapper\"><p>[vc_row content_width=&#8221;grid&#8221;][vc_column][vc_empty_space height=&#8221;30px&#8221;][vc_column_text]Tablica informacyjna to jedno z najbardziej rzeczowych i zarazem niedocenianych narz\u0119dzi reklamowych. Przede wszystkim informuje \u2013 a to buduje zaufanie i wiarygodno\u015b\u0107. Odpowiednio zaprojektowana mo\u017ce jednak znacznie wi\u0119cej: przyci\u0105ga\u0107 uwag\u0119, wzmacnia\u0107 wizerunek marki i skutecznie kierowa\u0107 ruchem klient\u00f3w.[\/vc_column_text][vc_empty_space height=&#8221;15px&#8221;][vc_column_text]W <strong>Next Reklama<\/strong> projektujemy i wykonujemy tablice informacyjne \u2013 zar\u00f3wno te niewielkie i subtelne, jak i du\u017ce, widoczne z daleka. Tworzymy je z materia\u0142\u00f3w odpornych na warunki atmosferyczne, z grafik\u0105 drukowan\u0105 cyfrowo lub wyklejan\u0105 foli\u0105 ploterow\u0105. Na \u017cyczenie stosujemy tak\u017ce elementy przestrzenne oraz montujemy tablice na solidnych konstrukcjach no\u015bnych.[\/vc_column_text][vc_empty_space height=&#8221;15px&#8221;][vc_column_text]<\/p>\n<p>Dlaczego warto?<br \/>\n\u2714\u202fWyra\u017any i czytelny przekaz<br \/>\n\u2714\u202fTrwa\u0142o\u015b\u0107 i odporno\u015b\u0107 na czynniki zewn\u0119trzne<br \/>\n\u2714\u202fMo\u017cliwo\u015b\u0107 pe\u0142nej personalizacji<br \/>\n\u2714\u202fEstetyka dopasowana do Twojej marki<br \/>\n\u2714\u202fMonta\u017c w wybranym miejscu<\/p>\n<p>[\/vc_column_text][vc_empty_space height=&#8221;15px&#8221;][vc_column_text]<\/p>\n<p>Tablica informacyjna to nie tylko no\u015bnik danych \u2013 to przemy\u015blana forma komunikacji, kt\u00f3ra wyja\u015bnia, reklamuje, kieruje i zaprasza.<\/p>\n<p>[\/vc_column_text][vc_empty_space height=&#8221;30px&#8221;][\/vc_column][\/vc_row][vc_row content_width=&#8221;grid&#8221;][vc_column][vc_gallery type=&#8221;image_grid&#8221; images=&#8221;5651,5652,5653,5654,5655,5656,5657,5658,5659,5660,5661,5662,5663,5664,5665,5666,5667,5668,5669,5670,5671,5672,5673,5674,5675,5676,5677,5678,5680,5681,5682,5683,5684,5685,5686,5687,5688,5689,5690,5691,5692,5693,5694,5695,5696,5697,5698,5699,5700,5701,5702,5703,5704,5705,5706,5707,5708,5709,5710,5711,5712,5713,5714,5715&#8243; img_size=&#8221;300&#215;300&#8243;][vc_empty_space height=&#8221;30px&#8221;][\/vc_column][\/vc_row]<\/p>\n<\/div>","protected":false},"excerpt":{"rendered":"<p>[vc_row content_width=&#8221;grid&#8221;][vc_column][vc_empty_space height=&#8221;30px&#8221;][vc_column_text]Tablica informacyjna to jedno z najbardziej rzeczowych i zarazem niedocenianych narz\u0119dzi reklamowych. Przede wszystkim informuje \u2013 a to buduje zaufanie i wiarygodno\u015b\u0107. Odpowiednio zaprojektowana mo\u017ce jednak znacznie wi\u0119cej:&#8230;<\/p>\n","protected":false},"author":1,"featured_media":0,"parent":0,"menu_order":0,"comment_status":"closed","ping_status":"closed","template":"full-width.php","meta":{"om_disable_all_campaigns":false,"_monsterinsights_skip_tracking":false,"_monsterinsights_sitenote_active":false,"_monsterinsights_sitenote_note":"","_monsterinsights_sitenote_category":0,"footnotes":""},"class_list":["post-5639","page","type-page","status-publish","hentry"],"aioseo_notices":[],"_links":{"self":[{"href":"https:\/\/nextreklama.pl\/index.php\/wp-json\/wp\/v2\/pages\/5639","targetHints":{"allow":["GET"]}}],"collection":[{"href":"https:\/\/nextreklama.pl\/index.php\/wp-json\/wp\/v2\/pages"}],"about":[{"href":"https:\/\/nextreklama.pl\/index.php\/wp-json\/wp\/v2\/types\/page"}],"author":[{"embeddable":true,"href":"https:\/\/nextreklama.pl\/index.php\/wp-json\/wp\/v2\/users\/1"}],"replies":[{"embeddable":true,"href":"https:\/\/nextreklama.pl\/index.php\/wp-json\/wp\/v2\/comments?post=5639"}],"version-history":[{"count":31,"href":"https:\/\/nextreklama.pl\/index.php\/wp-json\/wp\/v2\/pages\/5639\/revisions"}],"predecessor-version":[{"id":6627,"href":"https:\/\/nextreklama.pl\/index.php\/wp-json\/wp\/v2\/pages\/5639\/revisions\/6627"}],"wp:attachment":[{"href":"https:\/\/nextreklama.pl\/index.php\/wp-json\/wp\/v2\/media?parent=5639"}],"curies":[{"name":"wp","href":"https:\/\/api.w.org\/{rel}","templated":true}]}}